nder when 553823 is divided by 2145?
413
What is the remainder when 2044 is divided by 723?
598
What is the remainder when 2379175 is divided by 1658?
1603
What is the remainder when 52022 is divided by 7414?
124
Calculate the remainder when 24183 is divided by 635.
53
Calculate the remainder when 147286 is divided by 982.
968
What is the remainder when 405493 is divided by 138?
49
What is the remainder when 10200248 is divided by 2285?
8
Calculate the remainder when 30006 is divided by 2301.
93
What is the remainder when 1243866 is divided by 320?
26
Calculate the remainder when 54513040 is divided by 46.
4
Calculate the remainder when 6032240 is divided by 18792.
8
What is the remainder when 4840628 is divided by 7745?
3
What is the remainder when 874344 is divided by 20?
4
What is the remainder when 2320519 is divided by 1777?
1534
What is the remainder when 154712 is divided by 1663?
53
What is the remainder when 2033552 is divided by 331?
219
Calculate the remainder when 1238429 is divided by 123840.
29
What is the remainder when 147102 is divided by 9800?
102
Calculate the remainder when 30532427 is divided by 935.
2
What is the remainder when 3645315 is divided by 283?
275
What is the remainder when 1025617 is divided by 512709?
199
Calculate the remainder when 6629448 is divided by 6629327.
121
What is the remainder when 8119 is divided by 3732?
655
What is the remainder when 18094878 is divided by 317454?
0
What is the remainder when 28366541 is divided by 491?
489
What is the remainder when 1750571 is divided by 127?
3
Calculate the remainder when 2673837 is divided by 39321.
9
What is the remainder when 131540 is divided by 1359?
1076
Calculate the remainder when 1178640500 is divided by 72.
68
What is the remainder when 107155 is divided by 14941?
2568
What is the remainder when 79972 is divided by 3349?
2945
Calculate the remainder when 901354 is divided by 3539.
2448
What is the remainder when 8146541 is divided by 381?
380
Calculate the remainder when 407050020 is divided by 27.
18
What is the remainder when 1752336594 is divided by 56?
50
Calculate the remainder when 1312225 is divided by 5397.
754
What is the remainder when 4958893 is divided by 1541?
1496
Calculate the remainder when 22558474 is divided by 11279205.
64
Calculate the remainder when 586458 is divided by 586438.
20
What is the remainder when 46733 is divided by 46589?
144
What is the remainder when 212490 is divided by 69919?
2733
What is the remainder when 332379 is divided by 385?
124
What is the remainder when 177694 is divided by 1365?
244
What is the remainder when 5637491 is divided by 311?
305
What is the remainder when 195796058 is divided by 1023?
1019
What is the remainder when 137552 is divided by 67270?
3012
What is the remainder when 101827637 is divided by 581872?
37
Calculate the remainder when 3498 is divided by 1158.
24
What is the remainder when 842618 is divided by 842525?
93
What is the remainder when 2291377 is divided by 26?
23
What is the remainder when 33361594 is divided by 725?
719
Calculate the remainder when 87526 is divided by 4344.
646
What is the remainder when 124908381 is divided by 816?
813
Calculate the remainder when 158547 is divided by 344.
307
Calculate the remainder when 39357 is divided by 1976.
1813
Calculate the remainder when 817149 is divided by 272370.
39
Calculate the remainder when 31215 is divided by 23.
4
Calculate the remainder when 42258 is divided by 13406.
2040
What is the remainder when 315176 is divided by 104623?
1307
Calculate the remainder when 761549 is divided by 2282.
1643
What is the remainder when 191678 is divided by 20997?
2705
Calculate the remainder when 46067 is divided by 1970.
757
What is the remainder when 1066154 is divided by 48458?
78
What is the remainder when 10474727 is divided by 446?
417
What is the remainder when 3174317 is divided by 1885?
1862
Calculate the remainder when 867290 is divided by 509.
463
What is the remainder when 132052 is divided by 1260?
1012
Calculate the remainder when 27449 is divided by 552.
401
What is the remainder when 16611 is divided by 826?
91
Calculate the remainder when 105978968 is divided by 4742.
10
Calculate the remainder when 720370 is divided by 239500.
1870
What is the remainder when 139764384 is divided by 1?
0
What is the remainder when 4486314 is divided by 23863?
70
What is the remainder when 65291 is divided by 1330?
121
What is the remainder when 1398449 is divided by 51?
29
Calculate the remainder when 1388010 is divided by 31535.
470
What is the remainder when 110558 is divided by 4248?
110
Calculate the remainder when 895887 is divided by 686.
657
Calculate the remainder when 224073059 is divided by 2013.
2003
Calculate the remainder when 66206150 is divided by 22068716.
2
What is the remainder when 381154 is divided by 42248?
922
What is the remainder when 1405686 is divided by 468493?
207
Calculate the remainder when 824302 is divided by 12122.
6
Calculate the remainder when 1389672 is divided by 231598.
84
What is the remainder when 730053 is divided by 103?
92
Calculate the remainder when 35578339 is divided by 35.
34
What is the remainder when 665159 is divided by 665142?
17
What is the remainder when 663405185 is divided by 841?
837
What is the remainder when 4488637 is divided by 4?
1
Calculate the remainder when 209471259 is divided by 143.
140
What is the remainder when 1360421 is divided by 42?
41
Calculate the remainder when 1270891 is divided by 6110.
11
What is the remainder when 166350 is divided by 365?
275
What is the remainder when 1454549 is divided by 15?
14
Calculate the remainder when 68035732 is divided by 23.
7
Calculate the remainder when 817472 is divided by 2379.
1475
What is the remainder when 752095 is divided by 545?
540
Calculate the remainder when 752578 is divided by 2058.
1408
What is the remainder when 84891491 is divided by 9?
8
What is the remainder when 178228 is divided by 59185?
673
Calculate the remainder when 151859 is divided by 312.
227
Calculate the remainder when 40743723 is divided by 10.
3
Calculate the remainder when 131216 is divided by 1158.
362
Calculate the remainder when 21078550 is divided by 15.
10
Calculate the remainder when 261532449 is divided by 447064.
9
Calculate the remainder when 2005619 is divided by 3902.
3893
What is the remainder when 646207 is divided by 2585?
2542
What is the remainder when 218900 is divided by 11444?
1464
What is the remainder when 91086 is divided by 18145?
361
What is the remainder when 1876572 is divided by 133?
75
What is the remainder when 1580228 is divided by 36736?
580
Calculate the remainder when 662083 is divided by 99.
70
What is the remainder when 3672 is divided by 1221?
9
What is the remainder when 38477 is divided by 23?
21
Calculate the remainder when 136678316 is divided by 1229.
1226
Calculate the remainder when 14169686 is divided by 1769.
1765
What is the remainder when 17126707 is divided by 4772?
4771
Calculate the remainder when 221125 is divided by 2233.
58
What is the remainder when 4319636 is divided by 1079909?
0
Calculate the remainder when 2322 is divided by 1431.
891
Calculate the remainder when 12786621 is divided by 3196653.
9
Calculate the remainder when 14596960 is divided by 208528.
0
What is the remainder when 1111084 is divided by 55?
29
What is the remainder when 35708984 is divided by 1261?
1247
What is the remainder when 561991538 is divided by 55?
53
What is the remainder when 26942 is divided by 102?
14
What is the remainder when 8035906 is divided by 1147986?
4
Calculate the remainder when 562907 is divided by 3963.
161
Calculate the remainder when 747215 is divided by 1211.
28
Calculate the remainder when 57014147 is divided by 8.
3
Calculate the remainder when 21522 is divided by 978.
6
What is the remainder when 4234652 is divided by 40?
12
Calculate the remainder when 723213 is divided by 76.
73
Calculate the remainder when 78542253 is divided by 217.
188
What is the remainder when 789117 is divided by 2675?
2667
Calculate the remainder when 4781663 is divided by 1195226.
759
Calculate the remainder when 3483806 is divided by 3392.
222
What is the remainder when 14304 is divided by 81?
48
Calculate 